
-3
Let t be 1/(-2) - (-2)/(-8)*-86. Suppose -t = -14*i + 7. Let x(p) = -5*p - 2. Determine x(i).
-12
Let s(o) = -o**2 + o - 4. Let c(b) = -b**3 + 17*b**2 - 16*b + 22. Let g(p) = -c(p) - 6*s(p). What is g(10)?
2
Let o be -13 - (-10 - (-2534)/(-840)). Let t(m) be the third derivative of 0 - o*m**5 + m**2 + 1/2*m**3 + 0*m + 5/24*m**4. Calculate t(6).
-3
Let l(n) = -3*n**3 - 14*n**2 - 2*n + 11. Suppose -3*q - 12 = -543*g + 541*g, -4*q - 16 = 3*g. Determine l(q).
-13
Let i(b) = 22*b**2 + 8*b + 1. Let h be (7 + (-10 - (-70)/20))*1*-2. Determine i(h).
15
Let s(y) = 234*y + 1639. Let o be s(-7). Let m(h) = 88*h**2 + 10*h - 11. Calculate m(o).
87
Suppose 3*p = -2*p - 4*c + 27, -5*c = -4*p - 3. Suppose p = -5*d + 2*g, 4*d - 6*g - 1 = -g. Let b(h) = 4*h + 2. Give b(d).
-2
Let y(s) = -6 - s**3 + 0*s**2 + 0*s + s**2 + s. Let t = -945323 + 945323. Give y(t).
-6
Let q(o) be the second derivative of o**5/20 + o**4 + 10*o**3/3 + 3*o**2/2 - 3080*o. Determine q(-10).
3
Suppose 29*t + 828 = 41*t. Let d(y) = -2*y**2 + 14*y + y**2 + 66 - t. Determine d(12).
21
Suppose 5*f + 9 = -4*r, -4*r + 3*f - 45 = -12. Let k(s) = -5*s + 2*s + 160491 - 160494. What is k(r)?
15
Let q(x) be the third derivative of x**6/120 - x**5/15 - x**4/24 + 13*x**3/6 + x**2 + 9. What is q(4)?
9
Let f(u) = -93*u**2 + 6 + 140*u**2 - 6*u - u**3 - 55*u**2. What is f(-7)?
-1
Let v = 21739 + -21694. Let i(w) = -w**3 + 46*w**2 - 46*w + 50. Give i(v).
5
Let f be (-3)/(-216)*18798/130 - 2/1. Let v(y) be the third derivative of -17*y**2 + 1/24*y**4 - 1/30*y**5 + 0*y + 1/3*y**3 + 0 - f*y**6. Give v(-3).
8
Let n(a) = -a**2 - 10*a - 5. Let h be n(-3). Suppose b + 4*r = -0*b - 1, 5*b - h = r. Let g(v) = 4*v - 2. Give g(b).
10
Let w(j) = 4*j**3 - 11*j**2 + 7*j - 7. Let c be w(3). Suppose -21*l = -c*l + 16. Let t(f) = 4*f + 8. Let z(p) = -3*p - 5. Let g(m) = 5*t(m) + 7*z(m). Give g(l).
-3
Let q(p) = 16*p**2 - 37. Let b(h) = 3*h**2 - 7. Let a(t) = -5*b(t) + q(t). Let w(l) = l - 10. Let o be w(8). Determine a(o).
2
Let u(v) = -v**3 - 2*v**2 - 4*v - 15. Let d(a) = -a**2 - 7. Let y(q) = 2*d(q) - u(q). Give y(3).
40
Suppose 0 = 5*c - 10 + 20. Let w(a) = -3*a - 43. Let k(f) = 4*f + 50. Let o(s) = -6*k(s) - 7*w(s). What is o(c)?
7
Let d(y) = -y**2 + 19 - 10 - 11*y - 14. Let g(o) = -o**3 + 5*o**2 - o - 5. Let s be g(4). Let h = -18 + s. What is d(h)?
-5
Let g(a) = 6*a + 12. Let p(v) = 3*v + 6. Let x = -143 - -156. Let t(r) = -2*r. Let o be t(3). Let d(f) = o*g(f) + x*p(f). Calculate d(-4).
-6
Let w(n) be the third derivative of n**4/24 - 11*n**3/6 + 15*n**2 - 5*n + 158. Suppose 5*h + 68 = 23. What is w(h)?
-20
Let p(v) = -v**2 - 8*v + 3. Suppose -11*k + 12*k - 5*a + 19 = 0, 0 = -k - a - 7. Determine p(k).
-6
Let k(x) = -2*x**3 + 25*x**2 - 28*x - 353. Let l(g) = g**3 - 12*g**2 + 13*g + 163. Let r(t) = -6*k(t) - 13*l(t). Determine r(-4).
163
Let f(v) = 269*v + 1344. Let a be f(-5). Let c be (2 + -1)/((-5)/(-40)). Let j = a + c. Let d(h) = -h**3 + 7*h**2 - 2*h + 5. Calculate d(j).
-9
Let c(g) = -7*g**2 + 2 - 19*g**3 - 15*g**3 + 44*g**3 - 12*g + 3 - 11*g**3. What is c(-6)?
41
Let v(c) = -c**2 - 2*c + 4. Let y(o) = o**3 + 8*o**2 + 15*o + 14. Suppose 4*a - 17 + 3 = -f, -43 = 3*f - 5*a. Let r be y(f). What is v(r)?
-4
Suppose 2*n = -49*t + 50*t + 10, 32 = -5*t + n. Let y(r) = -3*r**2 - 10*r - 2. Calculate y(t).
-50
Let k be (3 - 1 - 0)*-1. Let o(h) = -3*h - 19*h + 12*h + 11 + 45*h. Let n(p) = -19*p - 6. Let l(t) = 11*n(t) + 6*o(t). Calculate l(k).
-2
Suppose 0 = m + 5*m + 42. Let h(u) = 8*u**2 + 7*u + u**3 - 15 + 17 + 3. Give h(m).
5
Let r = -126 + 121. Let f be 35/r + (4 - 8/2). Let y(j) = 2*j + 10. What is y(f)?
-4
Let w(c) = c**2 + 2. Suppose -v + 30 = -3*n, 2*v - n = -2*v + 142. Let k = -39 + v. What is w(k)?
11
Let u(w) = 2*w**2 - 16*w - 9. Suppose 4*k + 2*n - 32 = 0, 3*k - 3*n - 22 - 2 = 0. What is u(k)?
-9
Let d(f) = 806*f + 10 + 813*f - f**2 - 1631*f - 23. Calculate d(-9).
14
Let i(d) = 12*d + 97. Suppose 2*x = -18, -4*c - 19*x = -14*x + 81. Determine i(c).
-11
Suppose 4*a - 8 = -f, 0 = -3*f + 4*a - 5 - 3. Let o be 11 - ((-2)/(-3))/((-8)/36). Let i(y) = -y**2 - 250*y + 249*y + o + 30*y**3 - 29*y**3. Calculate i(f).
14
Let i(d) = d + 3 + 3 - 2*d. Suppose 0 = -3*r - 2*r - 5*z + 10, 2 = 2*r + z. Suppose 0 = -r*x + 4*x - 16. Give i(x).
2
Let j(w) = -w**2 + 19*w - 89. Let d(o) = -o**3 + 13*o**2 + 50*o - 25. Let f be d(16). What is j(f)?
-5
Let z(x) = 5*x - 4. Suppose 3*f + 5 = 68. Suppose -186 = 15*p - f. Let j = -7 - p. Give z(j).
16
Let y be (-20)/(-210) + 78/(-819). Let m(w) = 9*w - 41. Calculate m(y).
-41
Let j(o) = 11*o - 450. Let i(x) = -190*x - 909. Let g be i(-5). Give j(g).
1
Suppose -18*m + 13*m + 25 = 0. Let z(s) = 9*s**2 + 10*s + 27*s**3 + 2 - m - 26*s**3. Determine z(-8).
-19
Let p(u) = u**3 + 5*u**2 + 2*u + 2. Let f(o) = -o**3 - o**2 - 1. Let x(c) = -4*c**2 - 2*c - 1. Let m(a) = -f(a) - x(a). Let b(k) = -3*m(k) + 2*p(k). Give b(-4).
-10
Let a(i) = i**2 - 51*i + 354. Let x = -19144 + 19152. Determine a(x).
10
Let l(c) = -5*c - 22. Let n be l(-10). Suppose -25*s + n*s - 84 = 0. Suppose 10 = -9*y + s. Let f(q) = 2*q - 1. What is f(y)?
3
Let o = 104 + -104. Let y(f) = 7*f**2 - f - 37. Let s(t) = -13*t**2 + 2*t + 73. Let d(m) = 6*s(m) + 11*y(m). Give d(o).
31
Let x(y) = 2*y**2 - 2*y - 81. Let l(o) = -2*o**2 + 2*o + 80. Let i(n) = 4*l(n) + 5*x(n). Let w(t) be the first derivative of i(t). Calculate w(-3).
-14
Let w(p) = -68*p - 118. Let b be w(-2). Suppose 0 = -n - 5, 0 = 2*y - 0*y + 2*n + b. Let r(g) = -g**3 - 6*g**2 - 6*g + 5. Give r(y).
-3
Suppose 4*a - 14 = 2*t, -a - 2*t + 0 = -1. Let i(s) = 1 - 4 - 6*s**a + 6*s**3 - 4*s**2 - s**3 + 5*s. Give i(-5).
-3
Let t(c) be the first derivative of 1/3*c**4 + 9*c + 0*c**2 - 1/6*c**3 + 17. Let m(h) be the first derivative of t(h). Give m(-1).
5
Let p be (-6)/(-3 + 120/105 - 2/14). Let k(r) = r**3 - 4*r**2 + 10*r - 24. What is k(p)?
-3
Let w(o) = -16603 + 8306 + 8*o + o**2 + 8307. Suppose -h = -4*h - 21. Calculate w(h).
3
Let f(q) = q**2 - 23*q + 129. Let s(c) = 18*c**2 - 158*c - 22. Let m be s(9). Calculate f(m).
3
Suppose a - 5*l - 22 = 0, -6*a + 10*a = -5*l + 38. Let x(w) = -2*w**2 + 21*w + 28. Give x(a).
-8
Let i be (-1)/((-4)/8*-1) - -894. Let v(s) = -s**3 + 3*s**2 - 886*s - 4 - 1 + i*s. Give v(4).
3
Let v(m) = -4*m**2 + 27*m + 31. Suppose -6*n - 2 = -45 - 5. What is v(n)?
-9
Let q(u) = 12 - 3 + 292*u + 2*u**2 - 272*u. What is q(-9)?
-9
Let l(r) = r**3 - 4*r**2 - 2*r + 1. Suppose 4*g + 2*p - 22 = 0, -51*g + 48*g = 4*p - 29. What is l(g)?
-14
Let d(y) = y**3 - 5*y**2 - 39*y + 21. Suppose 6*k + 4*w - 219 = -137, 0 = -4*k + w + 29. Calculate d(k).
-6
Let u(i) be the first derivative of i**3/3 - 9*i**2 + 67*i - 4435. Give u(11).
-10
Suppose -96*b - 532 = -100*b. Let u = 133 - b. Suppose i - 4*n - 5 = u, 6 = -4*n + 2. Let a(p) = -7*p**3 + p**2 + p - 1. Give a(i).
-6
Let f(a) = a**2 - 4*a. Let g be f(-6). Let p be (g/50)/(2/(-10))*-1. Let m be p*4/18*(-21 - -18). Let v(t) = -4*t - 4. Determine v(m).
12
Let a(q) = q**2 - 9*q - 19. Suppose 0 = 20*m - 37*m - 1394. Let i be (-2)/(16/m) + 10/(-40). Give a(i).
-9
Let w be (0/(-2))/(1 - -1). Let o(m) = m**2 + m + 4 - 5*m + w*m. Let k be (-1)/10*-12*(-10)/(-4). Determine o(k).
1
Suppose 2*i = 5*k - 1, 4*i - k - 1 - 6 = 0. Let n(y) = -4*y - 3 + 6 + 14*y + 0 - y**i. Give n(7).
24
Let q(s) = 6*s - 6 + 2*s**2 - 6*s**2 + 3*s**2. Let j(d) = -492*d**2 + 14*d - 13. Let n be j(1). Let t = -486 - n. What is q(t)?
-1
Let p(z) = 7*z**2 - 3*z + 7. Let i(o) = 6*o**2 - 2*o + 5. Let a = -97 + 95. Let q(v) = a*p(v) + 3*i(v). Calculate q(-2).
17
Let p(f) be the second derivative of -f**5/20 + f**4/4 + 7*f**3/3 + 9*f**2/2 + 235*f. Give p(5).
29
Let r(y) = -y**3 - y**2 - y - 1. Let x be (((-75)/4)/5)/(1/4). Let s = -14 - x. Suppose -2*v - 9 = 5*z, 2*v - 2*z + 1 + s = 0. Calculate r(v).
5
Let a(v) = -v**2 + 4*v + 2. Suppose 0 = 4*u + 4 - 24. Suppose 30 = 8*j - u*j. Suppose 7*t - 9*t = -j. Give a(t).
-3
Let t(k) = -k**3 + 22*k**2 - 23*k + 39. Suppose f - 13 = -4*l, 49*f + 3*l = 54*f - 111. Calculate t(f).
-3
Let o(k) = -5*k**3 - 123*k**2 - 7*k + 190. Let h(y) = -11*y**3 - 262*y**2 - 14*y + 380. Let p(w) = -6*h(w) + 13*o(w). Calculate p(27).
1
Let u(f) = 6*f**2 + 15. Let z(n) = 5*n**2 + n + 10. Let c(y) = -4*u(y) + 5*z(y). Give c(-5).
-10
Let s(f)